. Let k(g) = -74*g - 7. Let t be k(c). Let s = t + -178. Is s a prime number?
False
Let u = 8 + -4. Suppose 5 + 15 = u*f. Is (f/15)/((-1)/(-381)) prime?
True
Let z(l) = 2*l**3 - 5*l**2 - 10*l + 7. Is z(8) a prime number?
True
Suppose 18*n - 22*n + 2332 = 0. Is n a composite number?
True
Let m(r) be the second derivative of r**4/12 - r**3/6 - 4*r**2 - 5*r. Let s be m(8). Suppose 2*n - s = 54. Is n a prime number?
False
Suppose -5*y + p + 12306 = 0, -2*y - 3*p = p - 4918. Is y composite?
True
Let k = 1359 - 937. Is k a composite number?
True
Let h be (-2)/(6/4 + -1). Let m(o) = -6*o - 3. Let g be m(h). Suppose 0 = -2*w + w + g. Is w prime?
False
Let t(j) = 78*j - 11. Let s be t(5). Suppose -5*k - 5*v + 395 = 0, 6*k - 3*v = k + s. Is k a prime number?
False
Let z(q) = -q**3 + q**2 + 4*q + 1. Is z(-4) a composite number?
True
Suppose 0 = 4*a - 2*o - 1318, -5*o - 1649 = -5*a - o. Is a prime?
False
Let l = 134 - 69. Is l prime?
False
Let j be 6*-1*(-2)/(-4). Let w = j - -9. Is w a prime number?
False
Let r be 24*-3*10/(-12). Let g = r - -31. Is g composite?
True
Let f(w) be the first derivative of -w - 2 - 17/2*w**2. Is f(-4) prime?
True
Let h be 240/(-36)*3/(-2). Suppose 2 = -4*l - h, -k = 4*l - 55. Is k composite?
False
Let i(h) = -6*h. Let m be i(-1). Let k = -3 + m. Suppose l = -k*l + 92. Is l prime?
True
Let m(p) = 287*p + 5. Is m(3) composite?
True
Let q = -4882 - -7815. Is q prime?
False
Let j be -4*(7/(-4) + 1). Suppose -j*u + 4*v = -1, 0*u + 2*v = -3*u + 13. Suppose -624 = -u*p - 5*a, 2*a + 1 = 7. Is p prime?
False
Let m(q) = 8*q**2 + 19*q + 29. Is m(18) a composite number?
False
Suppose 0 = 2*d + t - 16, -5*d + 4*t + 40 = 0. Let w(a) = -2 + 2*a - 7 + 2*a + d. Is w(2) a prime number?
True
Is 25/(-15) - (-4516)/6 composite?
False
Let q = 360 - -217. Suppose -4*d - 5*t = -q, 2*t = -4*d - 2*t + 576. Is d a prime number?
False
Suppose 3*a = 2*c + 397, -8*c = -a - 4*c + 129. Is a a prime number?
False
Suppose -5*r = -r - 2*j - 436, 0 = -r - 3*j + 123. Is r prime?
False
Suppose -4*z + 1377 = 361. Is z a prime number?
False
Suppose 0 = h + 5*h - 1806. Is h prime?
False
Is -1*1*(-123 - 4) composite?
False
Suppose -3*j = -2*j - 4*t - 37, -2*j + 69 = -3*t. Is j a composite number?
True
Let g = 312 + -111. Let q(r) = -r + 1. Let y be q(1). Suppose 0 = -y*m + 3*m - g. Is m prime?
True
Suppose 2*v - 17 = -2*o - v, -3*o + 5*v - 3 = 0. Suppose -291 = m - o*m. Is m composite?
False
Suppose w - 204 - 274 = 0. Is w prime?
False
Suppose 5*d + q = 7646, -2*d - 5*q + 4592 = d. Is d prime?
False
Let i(c) be the first derivative of 16*c**3/3 - 3*c**2/2 - 3*c - 10. Let w be (-1)/(-1)*1*-2. Is i(w) a prime number?
True
Let u = -5586 - -7909. Is u prime?
False
Let z(o) = -28*o**3 + 2*o**2 + 2*o + 1. Let m be z(-2). Suppose m = 2*a - 5*l, 3*a - 361 = l + 3*l. Is a prime?
True
Let f = -4 - -6. Suppose -39 - 5 = -f*y. Is y composite?
True
Let d be (4 + (-1 - 1))*2. Suppose -82 = -5*v + d*n, -3*v + 57 = -3*n - 2*n. Is v composite?
True
Let x(g) = -g**2 - 5*g + 4. Let m be x(-5). Suppose -n = -m + 25. Let p = 44 + n. Is p a prime number?
True
Let p(y) be the third derivative of -y**8/6720 - y**7/1260 + y**6/120 + y**5/20 + y**4/12 + 2*y**2. Let j(l) be the second derivative of p(l). Is j(-4) prime?
False
Suppose 3*r = -3*p + r + 3103, 0 = 5*p + 4*r - 5169. Is p prime?
False
Let h = 0 - -3. Suppose -5*p = 5*m - 20, 18 = -3*m - 0*m + h*p. Is (4/8)/(m/(-26)) prime?
True
Let k = -190 - -329. Suppose 3*f - 326 - 35 = -n, f - k = -5*n. Is f composite?
True
Suppose -5*n = 2*k - n - 1798, 5*k - 3*n - 4547 = 0. Is k a prime number?
True
Suppose -l = 4, -2*p - 3*l = -4*l - 1226. Is p a prime number?
False
Let w(y) = y**2 - 6*y - 13. Is w(12) a composite number?
False
Let f = -168 + 35. Let z = -46 - f. Is 3/(9/(-6)) + z composite?
True
Let w(v) = 4*v + 2*v**3 - 7 - 3*v**3 - 5*v**2 + 4. Is w(-6) prime?
False
Suppose 0 = 6*w - w. Suppose -g + 5*g - 268 = w. Is g composite?
False
Let u be (-2)/(33/9 - 3). Let n be 185*(6/(-3) - u). Suppose -2*k + 7*k - n = 0. Is k composite?
False
Is 24507/18 - ((-6)/4)/(-3) a composite number?
False
Suppose -5*v - 1908 = -9*v. Suppose -2*h + 2059 - v = 0. Is h composite?
True
Is 12/(-30) - 5197/(-5) a composite number?
False
Let l = 8 - 8. Suppose l = 2*j + j. Suppose -5*q = -0*q + x - 712, 3*q + x - 426 = j. Is q prime?
False
Suppose 5*k = 119 - 24. Let n(x) = 2*x**3 - 4*x**2 + 3*x + 3. Let g be n(3). Let w = g - k. Is w prime?
True
Let y(h) = h**2 + 11*h - 9. Is y(11) a composite number?
False
Let y(n) = 4*n. Suppose -3*v + 8*v = 5. Let k be y(v). Suppose -c + 97 = -0*b + 2*b, k*c = b - 35. Is b composite?
False
Is (1171/(-3))/(3/(-18)*2) composite?
False
Let d(y) be the second derivative of y**5/20 - y**4/3 + 2*y**3/3 - 3*y**2/2 - y. Let k be d(3). Suppose -130 = -k*i - 2*i. Is i a composite number?
True
Let r(f) = -f**3 - 5*f**2 - 4*f + 2. Suppose 2*p - p + 4 = 0. Let k be r(p). Suppose -3*s + 69 = -2*s - 4*m, -k*s + 2*m + 150 = 0. Is s a prime number?
False
Let m = 56 + 6. Suppose s - 79 - m = 0. Is s prime?
False
Suppose -3*z - 6 = -30. Let k = -6 + z. Is 15/k*42/9 a prime number?
False
Suppose 5*g - 2*c + c - 38 = 0, -4*c = g + 5. Suppose 6 = u + 2*f - g, 2*f + 65 = 5*u. Is u prime?
True
Suppose 3*v = -15, 0 = -5*y - v + 9 + 1. Suppose -y*r - 3 = k + 4, -4*k = 5*r. Is 1 + -3 + 9*k prime?
True
Suppose -2 = -4*q + 10. Suppose 5*d - 145 - 205 = 0. Suppose 0 = q*w + 2*w - d. Is w a prime number?
False
Suppose 3*j = -2*d + 2273, -3*d + 3438 = -4*j - j. Is d prime?
False
Let s(c) = 5*c**3 + 2*c**2 + 4*c - 2. Is s(3) prime?
True
Let r(t) = -29*t**3 - 3*t**2 - t - 2. Let v be r(-2). Suppose -4*n - 106 = -2*w, -5*w - 2*n + 3*n + v = 0. Is w composite?
False
Is ((-977)/(-2))/(6/12) composite?
False
Let q(k) = -k + 7. Let o be q(9). Is o + 1 - 32/(-1) prime?
True
Let z be ((-1)/(-3))/((-2)/(-24)). Suppose -5*h + 2*g + 5 = -11, -z*h + g = -11. Suppose 0 = h*d + d - 153. Is d a prime number?
False
Suppose 3*o = o + 3*m - 178, 2*m - 356 = 4*o. Let d = o - -141. Let y = d - 15. Is y prime?
True
Suppose 3*t = d + 149, 0 = 3*d - 6*d - 6. Is t a composite number?
True
Let r = -184 - -997. Is r composite?
True
Suppose 0 = -7*r + 6*r + 2557. Is r composite?
False
Let k(u) = 30*u**2 + 5*u + 4. Let q be k(-6). Suppose -5*v + q + 61 = 0. Is v prime?
True
Suppose 2*y + 21 = 467. Is y a composite number?
False
Let r(k) = -k**2 - 4*k + 1. Let n be r(-4). Is n/(-3) + 19/3 composite?
True
Let w(j) = j**3 - 11*j**2 + 13*j + 7. Let d be -6*(-2)/3*5. Suppose 5*y = -3*c + d, -5*c + 36 = -2*c - 3*y. Is w(c) a composite number?
False
Suppose 2*c - 4*c = 2*x - 1476, -4*c = -4. Is x a composite number?
True
Let m = -1971 + 3608. Is m composite?
False
Let s(v) = 23*v**2 - 3*v - 11. Let r be s(8). Suppose -5*b = -t - r, -2*b - 5*t = -3*t - 570. Is b a composite number?
True
Suppose t - 3*t + 1814 = 0. Is t composite?
False
Let k(s) = 10*s - 4 + 71*s + 17*s. Let f be k(6). Suppose -4*q + 276 = -f. Is q prime?
False
Is 9/18 - (-1265)/2 prime?
False
Let l = 11 - 17. Let i be ((-6)/9)/((-4)/l). Is (i/(-2))/((-2)/(-12)) a prime number?
True
Let o(n) be the second derivative of 2*n**3/3 - 7*n**2 - 5*n. Is o(5) prime?
False
Is (-10)/(60/(-21663))*4/6 composite?
True
Let z be (3/15 + 1)*-10. Let f be 9/z*(-2 - 2). Suppose 0 = -5*d + f*k + 27, 0 = -k - 3 - 1. Is d a prime number?
True
Let z(n) = n - 1. Let c(w) = 21*w - 2. Let p(l) = c(l) - 3*z(l). Is p(5) a composite number?
True
Suppose -349 = -5*c - 119. Let b = -27 + c. Is b prime?
True
Let n(b) = b**2 + 9*b - 7. Let v be n(-5). Let w = 154 + v. Is w a composite number?
False
Suppose 0*v - 5*v = 20. Let r = v - -4. Suppose r = 4*o + o, f = 3*o + 25. Is f prime?
False
Let w(j) = -6*j - 13. Is w(-18) prime?
False
Let q(l) = -l**3 + 8*l**2 + l - 6. Let i be q(7). Let w be (-1)/(-1 + (-84)/(-81)). Let p = i + w. Is p prime?
True
Suppose -o = -l - 6, -4*l = -2*o + o + 15. Suppose 60 = -5*n - 4*i, -o*i = -4*n + 2*n - 1. Is ((-30)/(-12))/((-2)/n) a composite number?
True
Suppose 2*i + 3*n + 26 = 0, -i + 6*n = 2*n - 9. Let a = -2 - i. Suppose 5*h + 72 = m, -m + a*m + 4*h - 264 = 0. Is m a prime number?
True
Let m(t) = -5*t**2 - 4*t. Let y be m(8). Let o = y + 563. Is o composite?
False
Let z be 20 + (-1 - -2) - 1. Suppose 3*t + 61 = 949.